 and 12216.
12
Calculate the greatest common factor of 1696 and 10600.
424
What is the greatest common factor of 6435 and 351?
117
Calculate the greatest common divisor of 985 and 14578.
197
Calculate the greatest common divisor of 1148 and 41.
41
What is the greatest common factor of 1323 and 171?
9
What is the highest common factor of 15 and 1215?
15
What is the greatest common divisor of 40 and 415?
5
Calculate the greatest common factor of 32 and 96.
32
What is the greatest common factor of 204 and 136?
68
Calculate the greatest common divisor of 12 and 93.
3
What is the highest common divisor of 2 and 31?
1
Calculate the highest common divisor of 1225 and 147.
49
Calculate the greatest common factor of 8 and 133528.
8
Calculate the greatest common factor of 12 and 66.
6
Calculate the greatest common divisor of 195 and 75.
15
Calculate the highest common divisor of 40 and 1680.
40
What is the greatest common factor of 5 and 305?
5
What is the greatest common divisor of 60 and 105?
15
What is the highest common divisor of 52 and 52?
52
Calculate the highest common factor of 5123 and 545.
109
Calculate the greatest common factor of 18 and 261.
9
Calculate the highest common factor of 110 and 10.
10
Calculate the greatest common factor of 462 and 748.
22
Calculate the greatest common factor of 18 and 486.
18
Calculate the highest common divisor of 56 and 88.
8
What is the greatest common factor of 3402 and 42?
42
Calculate the greatest common divisor of 62 and 155.
31
What is the highest common factor of 611 and 13?
13
What is the greatest common factor of 325 and 75?
25
Calculate the highest common factor of 42875 and 343.
343
What is the highest common factor of 396 and 220?
44
Calculate the highest common divisor of 1248 and 78.
78
What is the highest common factor of 24 and 1068?
12
What is the highest common divisor of 754 and 52?
26
Calculate the greatest common factor of 180 and 6336.
36
What is the highest common divisor of 2220 and 8?
4
Calculate the highest common factor of 11 and 1111.
11
What is the highest common factor of 91 and 468?
13
What is the greatest common factor of 2229 and 3?
3
What is the highest common divisor of 2628 and 2336?
292
What is the highest common divisor of 24 and 10712?
8
Calculate the highest common divisor of 78 and 52.
26
Calculate the highest common factor of 798 and 1083.
57
What is the greatest common factor of 483 and 84?
21
Calculate the greatest common factor of 252 and 144.
36
Calculate the highest common factor of 252 and 140.
28
Calculate the greatest common divisor of 4555 and 15.
5
Calculate the greatest common divisor of 17 and 3519.
17
What is the highest common factor of 105 and 147?
21
Calculate the highest common divisor of 12 and 51.
3
What is the highest common divisor of 2074 and 488?
122
What is the greatest common divisor of 272 and 170?
34
Calculate the highest common divisor of 55 and 836.
11
What is the highest common divisor of 38 and 17879?
19
What is the highest common factor of 68 and 1326?
34
What is the greatest common divisor of 78 and 75?
3
Calculate the highest common factor of 24198 and 1332.
222
What is the highest common factor of 581 and 332?
83
What is the highest common factor of 56 and 4158?
14
What is the highest common factor of 12 and 1132?
4
What is the greatest common factor of 706 and 4?
2
What is the highest common divisor of 1184 and 333?
37
What is the highest common factor of 582 and 1067?
97
Calculate the greatest common divisor of 9659 and 26.
13
What is the greatest common factor of 370 and 400?
10
What is the highest common divisor of 192 and 7392?
96
What is the highest common factor of 3792 and 2054?
158
What is the greatest common divisor of 560 and 420?
140
Calculate the greatest common factor of 272 and 2788.
68
What is the greatest common divisor of 172 and 129?
43
Calculate the greatest common divisor of 4 and 16.
4
What is the highest common divisor of 224 and 544?
32
Calculate the greatest common divisor of 24 and 56.
8
Calculate the highest common divisor of 18 and 27.
9
What is the greatest common divisor of 94 and 1457?
47
Calculate the greatest common factor of 10 and 200.
10
Calculate the greatest common factor of 1012 and 529.
23
What is the greatest common divisor of 12 and 78?
6
Calculate the highest common divisor of 6426 and 54.
54
Calculate the greatest common factor of 171 and 437.
19
What is the greatest common factor of 1853 and 153?
17
What is the greatest common factor of 837 and 324?
27
Calculate the highest common factor of 630 and 35.
35
What is the greatest common factor of 3420 and 48?
12
What is the greatest common factor of 10 and 25?
5
What is the highest common divisor of 44 and 80?
4
What is the greatest common divisor of 354 and 2714?
118
Calculate the greatest common factor of 38 and 4864.
38
What is the highest common factor of 261 and 144?
9
What is the highest common divisor of 188 and 1363?
47
Calculate the greatest common factor of 235 and 94.
47
Calculate the highest common divisor of 9 and 27.
9
What is the highest common divisor of 23 and 621?
23
Calculate the greatest common divisor of 268 and 2.
2
Calculate the highest common factor of 6890 and 78.
26
Calculate the highest common divisor of 80 and 4.
4
Calculate the greatest common divisor of 114 and 190.
38
What is the highest common factor of 39 and 429?
39
What is the greatest common factor of 41 and 369?
41
What is the greatest common factor of 94 and 235?
47
What is the highest common divisor of 300 and 180?
60
Calculate the greatest common divisor of 219 and 21243.
219
Calculate the greatest common divisor of 7153 and 253.
23
Calculate the highest common factor of 128 and 4800.
64
Calculate the greatest common divisor of 3992 and 24.
8
What is the highest common factor of 534 and 12?
6
Calculate the greatest common divisor of 54 and 1038.
6
What is the highest common factor of 32 and 2656?
32
What is the highest common divisor of 1175 and 25?
25
Calculate the highest common divisor of 36 and 666.
18
Calculate the greatest common factor of 10833 and 69.
69
Calculate the greatest common divisor of 66 and 132.
66
What is the greatest common divisor of 1849 and 215?
43
Calculate the greatest common factor of 1648 and 448.
16
What is the greatest common divisor of 3443 and 121?
11
Calculate the greatest common divisor of 1885 and 20.
5
What is the greatest common divisor of 6351 and 87?
87
Calculate the highest common divisor of 840 and 8470.
70
What is the greatest common factor of 15 and 105?
15
What is the greatest common factor of 180 and 1305?
45
What is the greatest common factor of 5499 and 104?
13
What is the greatest common divisor of 952 and 224?
56
What is the highest common divisor of 1656 and 1288?
184
Calculate the highest common divisor of 5258 and 22.
22
Calculate the highest common divisor of 950 and 38.
38
What is the greatest common factor of 217 and 372?
31
What is the greatest common factor of 165 and 33?
33
Calculate the greatest common divisor of 303 and 1313.
101
What is the highest common divisor of 22 and 352?
22
Calculate the highest common factor of 15812 and 177.
59
Calculate the greatest common factor of 252 and 54.
18
What is the greatest common divisor of 1533 and 21?
21
What is the greatest common divisor of 1005 and 11256?
201
What is the greatest common factor of 152 and 19?
19
Calculate the greatest common factor of 33 and 2481.
3
Calculate the greatest common factor of 201 and 1675.
67
What is the greatest common factor of 142 and 1207?
71
What is the greatest common factor of 30 and 192?
6
Calculate the highest common divisor of 22 and 2.
2
What is the highest common factor of 368 and 644?
92
What is the greatest common divisor of 135 and 50?
5
Calculate the greatest common factor of 14162 and 438.
146
Calculate the highest common divisor of 75 and 3.
3
What is the greatest common factor of 43011 and 177?
177
Calculate the greatest common factor of 40 and 90.
10
What is the greatest common divisor of 162 and 50139?
81
Calculate the highest common divisor of 627 and 57.
57
Calculate the highest common divisor of 110 and 66.
22
Calculate the greatest common divisor of 1054 and 34.
34
Calculate the greatest comm